List the prime factors of 2846788442.
2, 1231, 1156291
List the prime factors of 181567758.
2, 3, 43, 797, 883
List the prime factors of 78130900.
2, 5, 781309
What are the prime factors of 422571229?
19, 659, 33749
What are the prime factors of 113678025?
3, 5, 43, 101, 349
What are the prime factors of 65419376?
2, 11, 33791
List the prime factors of 647421845.
5, 7, 18497767
What are the prime factors of 49343505?
3, 5, 3289567
List the prime factors of 4059809.
13, 127, 2459
List the prime factors of 1151538981.
3, 167, 2298481
What are the prime factors of 627732727?
107, 5866661
What are the prime factors of 521372154?
2, 3, 41, 2119399
What are the prime factors of 310292929?
4999, 62071
What are the prime factors of 500005693?
11, 47, 967129
What are the prime factors of 4653961547?
1297, 3588251
What are the prime factors of 261556022?
2, 7, 13, 139, 211
List the prime factors of 58376734.
2, 13, 79, 97, 293
List the prime factors of 94795391.
73, 433, 2999
List the prime factors of 646500586.
2, 1151, 280843
List the prime factors of 967924958.
2, 7, 11, 13, 37, 73, 179
List the prime factors of 4645521.
3, 516169
What are the prime factors of 165200103?
3, 18355567
What are the prime factors of 950803125?
3, 5, 101419
What are the prime factors of 386754546?
2, 3, 811, 79481
List the prime factors of 1510463642.
2, 53, 1103, 12919
What are the prime factors of 37340518?
2, 18670259
What are the prime factors of 556418373?
3, 7, 571, 947
What are the prime factors of 143194919?
7, 41, 498937
What are the prime factors of 111466554?
2, 3, 257, 72287
What are the prime factors of 25923387?
3, 7, 307, 4021
What are the prime factors of 21239710?
2, 5, 2123971
What are the prime factors of 58293082?
2, 31, 67, 14033
List the prime factors of 43825137.
3, 157, 93047
What are the prime factors of 54481201?
137, 397673
What are the prime factors of 945307364?
2, 53, 79, 56443
List the prime factors of 182594072.
2, 823, 27733
List the prime factors of 55965113.
55965113
What are the prime factors of 2524004540?
2, 5, 43, 757, 3877
What are the prime factors of 217516696?
2, 27189587
What are the prime factors of 211002892?
2, 41, 43, 29921
What are the prime factors of 1731637482?
2, 3, 288606247
List the prime factors of 6651094.
2, 23, 144589
List the prime factors of 1088723788.
2, 19, 14325313
List the prime factors of 680729313.
3, 11, 67, 499, 617
List the prime factors of 1986311936.
2, 7, 59, 18787
List the prime factors of 1428065883.
3, 23, 766541
What are the prime factors of 399745952?
2, 12492061
List the prime factors of 188021733.
3, 1447, 43313
List the prime factors of 388231819.
809, 479891
What are the prime factors of 4986770005?
5, 7, 142479143
What are the prime factors of 287009904?
2, 3, 31, 192883
List the prime factors of 113348120.
2, 5, 83, 34141
List the prime factors of 1310141192.
2, 491, 333539
List the prime factors of 383959624.
2, 47994953
List the prime factors of 2747663.
29, 94747
What are the prime factors of 136285671?
3, 73, 653, 953
List the prime factors of 317487829.
317487829
What are the prime factors of 759863347?
759863347
List the prime factors of 88390230.
2, 3, 5, 2946341
What are the prime factors of 31427563?
167, 188189
What are the prime factors of 2740249?
2740249
What are the prime factors of 266031601?
11, 263, 91957
What are the prime factors of 426576378?
2, 3, 71, 1001353
List the prime factors of 4126797759.
3, 7, 29, 6776351
What are the prime factors of 446393185?
5, 7, 1822013
What are the prime factors of 91032614?
2, 223, 401, 509
What are the prime factors of 61952969?
13, 4765613
What are the prime factors of 606522364?
2, 7, 509, 42557
What are the prime factors of 214546209?
3, 2699, 26497
What are the prime factors of 109524630?
2, 3, 5, 1609, 2269
List the prime factors of 602016449.
127, 4740287
List the prime factors of 82931292.
2, 3, 139, 16573
What are the prime factors of 733260695?
5, 146652139
List the prime factors of 50236357.
41, 211, 5807
What are the prime factors of 121522411?
121522411
List the prime factors of 63990265.
5, 47, 272299
What are the prime factors of 307253033?
131, 2345443
List the prime factors of 398006492.
2, 13, 588767
What are the prime factors of 297165763?
17, 1223, 14293
List the prime factors of 282161667.
3, 37, 2541997
List the prime factors of 173919987.
3, 6441481
What are the prime factors of 405172782?
2, 3, 7, 131, 24547
List the prime factors of 47833144.
2, 5979143
List the prime factors of 356630726.
2, 17, 653, 16063
What are the prime factors of 381625649?
181, 2108429
What are the prime factors of 167412802?
2, 733, 114197
List the prime factors of 1328341138.
2, 17, 431, 90647
What are the prime factors of 407183333?
347, 1173439
What are the prime factors of 168710111?
2351, 71761
List the prime factors of 38306499.
3, 7, 11, 165829
List the prime factors of 169354723.
41, 4130603
What are the prime factors of 21968376?
2, 3, 839, 1091
What are the prime factors of 325876719?
3, 7, 23, 674693
What are the prime factors of 631975021?
31, 53, 67, 5741
What are the prime factors of 4894827719?
4894827719
What are the prime factors of 4305805315?
5, 7, 89, 419, 3299
List the prime factors of 71767364.
2, 59, 304099
List the prime factors of 25436359.
13, 41, 3671
List the prime factors of 693109869.
3, 13649, 16927
List the prime factors of 4895169120.
2, 3, 5, 19, 23, 2593
What are the prime factors of 22899503?
11, 19, 109567
What are the prime factors of 158463639?
3, 17607071
What are the prime factors of 5291887730?
2, 5, 71, 7453363
List the prime factors of 39437515.
5, 13, 606731
List the prime factors of 472103.
472103
List the prime factors of 2485326203.
17, 23, 31, 205043
List the prime factors of 6074398796.
2, 79, 97, 198173
What are the prime factors of 3769859611?
7, 29, 241, 251, 307
What are the prime factors of 42932201?
13, 3302477
List the prime factors of 1181060779.
1181060779
List the prime factors of 1591029640.
2, 5, 887, 44843
List the prime factors of 806746691.
101, 7987591
List the prime factors of 408412790.
2, 5, 19, 919, 2339
List the prime factors of 565192616.
2, 23, 97, 31667
What are the prime factors of 17769794?
2, 7, 17, 197, 379
List the prime factors of 38999765.
5, 7, 293, 3803
List the prime factors of 1077153783.
3, 359051261
What are the prime factors of 10142637?
3, 19, 107, 1663
List the prime factors of 32269575.
3, 5, 13, 23, 1439
What are the prime factors of 1140497946?
2, 3, 7, 811, 11161
List the prime factors of 154440287.
587, 263101
What are the prime factors of 2284088947?
7, 10499, 31079
List the prime factors of 36094383.
3, 13, 17, 23, 263
What are the prime factors of 22481404?
2, 11, 510941
What are the prime factors of 8530644?
2, 3, 710887
List the prime factors of 149821651.
7, 2027, 10559
List the prime factors of 785721358.
2, 61, 71, 90709
What are the prime factors of 122582010?
2, 3, 5, 199, 20533
What are the prime factors of 24792873?
3, 7, 23, 7333
List the prime factors of 3219123965.
5, 97, 6637369
List the prime factors of 1485564081.
3, 419, 761, 1553
List the prime factors of 320944304.
2, 3433, 5843
List the prime factors of 18173720.
2, 5, 29, 15667
List the prime factors of 54160357.
661, 81937
What are the prime factors of 325471099?
47, 6924917
What are the prime factors of 2185225060?
2, 5, 149, 167, 4391
List the prime factors of 28396987.
17, 1670411
What are the prime factors of 81100211?
29, 2796559
What are the prime factors of 10595769?
3, 31, 113933
List the prime factors of 2815569384.
2, 3, 41, 419, 6829
List the prime factors of 1975934699.
31, 63739829
List the prime factors of 58219391.
58219391
What are the prime factors of 88398770?
2, 5, 113, 78229
What are the prime factors of 37743950?
2, 5, 53, 14243
List the prime factors of 1746354629.
59, 29599231
What are the prime factors of 381616729?
13, 19, 1545007
What are the prime factors of 283402262?
2, 11, 13, 990917
List the prime factors of 31119128.
2, 3889891
What are the prime factors of 92524774?
2, 347, 133321
List the prime factors of 775015898.
2, 387507949
List the prime factors of 39869387.
37, 29123
List the prime factors of 319529553.
3, 7, 15215693
What